{"id":101,"date":"2019-09-12T12:44:16","date_gmt":"2019-09-12T12:44:16","guid":{"rendered":"https:\/\/digitouest.fr\/?page_id=101"},"modified":"2019-10-07T10:34:21","modified_gmt":"2019-10-07T10:34:21","slug":"elementor-101","status":"publish","type":"page","link":"https:\/\/digitouest.fr\/","title":{"rendered":"Accueil"},"content":{"rendered":"\t\t<div data-elementor-type=\"wp-page\" data-elementor-id=\"101\" class=\"elementor elementor-101\">\n\t\t\t\t\t\t<section class=\"elementor-section elementor-top-section elementor-element elementor-element-cb3c006 elementor-section-boxed elementor-section-height-default elementor-section-height-default\" data-id=\"cb3c006\" data-element_type=\"section\" data-e-type=\"section\">\n\t\t\t\t\t\t<div class=\"elementor-container elementor-column-gap-default\">\n\t\t\t\t\t<div class=\"elementor-column elementor-col-100 elementor-top-column elementor-element elementor-element-474fcf5\" data-id=\"474fcf5\" data-element_type=\"column\" data-e-type=\"column\">\n\t\t\t<div class=\"elementor-widget-wrap elementor-element-populated\">\n\t\t\t\t\t\t<div class=\"elementor-element elementor-element-fba8905 elementor-widget elementor-widget-image\" data-id=\"fba8905\" data-element_type=\"widget\" data-e-type=\"widget\" data-widget_type=\"image.default\">\n\t\t\t\t<div class=\"elementor-widget-container\">\n\t\t\t\t\t\t\t\t\t\t\t\t\t\t\t<img fetchpriority=\"high\" decoding=\"async\" width=\"1024\" height=\"341\" src=\"https:\/\/digitouest.fr\/wp-content\/uploads\/2019\/09\/transformation-digitale-1024x341.jpg\" class=\"attachment-large size-large wp-image-151\" alt=\"\" srcset=\"https:\/\/digitouest.fr\/wp-content\/uploads\/2019\/09\/transformation-digitale-1024x341.jpg 1024w, https:\/\/digitouest.fr\/wp-content\/uploads\/2019\/09\/transformation-digitale-300x100.jpg 300w, https:\/\/digitouest.fr\/wp-content\/uploads\/2019\/09\/transformation-digitale-768x256.jpg 768w\" sizes=\"(max-width: 1024px) 100vw, 1024px\" \/>\t\t\t\t\t\t\t\t\t\t\t\t\t\t\t<\/div>\n\t\t\t\t<\/div>\n\t\t\t\t<div class=\"elementor-element elementor-element-85aa2a1 elementor-widget elementor-widget-heading\" data-id=\"85aa2a1\" data-element_type=\"widget\" data-e-type=\"widget\" data-widget_type=\"heading.default\">\n\t\t\t\t<div class=\"elementor-widget-container\">\n\t\t\t\t\t<h2 class=\"elementor-heading-title elementor-size-default\">Accueil<\/h2>\t\t\t\t<\/div>\n\t\t\t\t<\/div>\n\t\t\t\t\t<\/div>\n\t\t<\/div>\n\t\t\t\t\t<\/div>\n\t\t<\/section>\n\t\t\t\t<section class=\"elementor-section elementor-top-section elementor-element elementor-element-25fc128 elementor-section-boxed elementor-section-height-default elementor-section-height-default\" data-id=\"25fc128\" data-element_type=\"section\" data-e-type=\"section\">\n\t\t\t\t\t\t<div class=\"elementor-container elementor-column-gap-default\">\n\t\t\t\t\t<div class=\"elementor-column elementor-col-100 elementor-top-column elementor-element elementor-element-40a857b\" data-id=\"40a857b\" data-element_type=\"column\" data-e-type=\"column\">\n\t\t\t<div class=\"elementor-widget-wrap elementor-element-populated\">\n\t\t\t\t\t\t<div class=\"elementor-element elementor-element-2ffd3e9 elementor-widget elementor-widget-text-editor\" data-id=\"2ffd3e9\" data-element_type=\"widget\" data-e-type=\"widget\" data-widget_type=\"text-editor.default\">\n\t\t\t\t<div class=\"elementor-widget-container\">\n\t\t\t\t\t\t\t\t\t<p style=\"margin-bottom: 10px; line-height: 20px; font-size: 15px; color: #333333; font-family: 'Helvetica Neue', Helvetica, Arial, sans-serif; letter-spacing: normal;\">La transformation digitale ou transformation num\u00e9rique remet en question le quotidien des entreprises, elle est amener \u00e0 se d\u00e9velopper et \u00e0 s&#8217;intensifier dans les prochaines ann\u00e9es. <strong>Quelque soit la taille de votre organisation, chef d&#8217;entreprise, salari\u00e9s, clients, nous sommes tous concern\u00e9s.<\/strong><\/p><p style=\"margin-bottom: 10px; line-height: 20px; font-size: 15px; color: #333333; font-family: 'Helvetica Neue', Helvetica, Arial, sans-serif; letter-spacing: normal;\">DigitOuest, s&#8217;inscrit dans ce process de pilotage des strat\u00e9gies digitales et de d\u00e9veloppement d\u2019entreprises. Nous vous accompagnons dans la r\u00e9flexion aux leviers de croissances digitaux et dans la co-construction de projets d\u2019\u00e9volution de votre activit\u00e9. A la fois en tant que conseils puis ma\u00eetres d\u2019\u0153uvre nous mettons \u00e0 profit le savoir-faire de notre r\u00e9seau d&#8217;experts.<\/p><p style=\"margin-bottom: 10px; line-height: 20px; font-size: 15px; color: #333333; font-family: 'Helvetica Neue', Helvetica, Arial, sans-serif; letter-spacing: normal;\">D\u00e9finition de strat\u00e9gie, gestion de projets, accompagnements personnalis\u00e9s, formations, DigitOuest agit sur les besoins et attentes de votre entreprise. Construire une relation saine, p\u00e9renne bas\u00e9e sur l\u2019\u00e9change et l\u2019intelligence collective est notre motivation premi\u00e8re. Vous accompagner pour conduire les changements qui inscriront ou qui conforteront votre entreprise dans la transformation digitale est notre m\u00e9tier.<\/p><p style=\"margin-bottom: 10px; line-height: 20px; font-size: 15px; color: #333333; font-family: 'Helvetica Neue', Helvetica, Arial, sans-serif; letter-spacing: normal;\">&#8220;<em>\u00catre \u00e0 vous cot\u00e9 de l&#8217;\u00e9laboration de votre besoin au suivi de la mise en place des actions<\/em>&#8221; telles est la vison de notre m\u00e9tier.<\/p>\t\t\t\t\t\t\t\t<\/div>\n\t\t\t\t<\/div>\n\t\t\t\t\t<\/div>\n\t\t<\/div>\n\t\t\t\t\t<\/div>\n\t\t<\/section>\n\t\t\t\t<\/div>\n\t\t","protected":false},"excerpt":{"rendered":"<p>Accueil La transformation digitale ou transformation num\u00e9rique remet en question le quotidien des entreprises, elle est amener \u00e0 se d\u00e9velopper et \u00e0 s&#8217;intensifier dans les prochaines ann\u00e9es. Quelque soit la taille de votre organisation, chef d&#8217;entreprise, salari\u00e9s, clients, nous sommes tous concern\u00e9s. DigitOuest, s&#8217;inscrit dans ce process de pilotage des strat\u00e9gies digitales et de d\u00e9veloppement [&hellip;]<\/p>\n","protected":false},"author":1,"featured_media":0,"parent":0,"menu_order":0,"comment_status":"closed","ping_status":"closed","template":"","meta":{"ngg_post_thumbnail":0,"footnotes":""},"class_list":["post-101","page","type-page","status-publish","hentry"],"_links":{"self":[{"href":"https:\/\/digitouest.fr\/index.php?rest_route=\/wp\/v2\/pages\/101","targetHints":{"allow":["GET"]}}],"collection":[{"href":"https:\/\/digitouest.fr\/index.php?rest_route=\/wp\/v2\/pages"}],"about":[{"href":"https:\/\/digitouest.fr\/index.php?rest_route=\/wp\/v2\/types\/page"}],"author":[{"embeddable":true,"href":"https:\/\/digitouest.fr\/index.php?rest_route=\/wp\/v2\/users\/1"}],"replies":[{"embeddable":true,"href":"https:\/\/digitouest.fr\/index.php?rest_route=%2Fwp%2Fv2%2Fcomments&post=101"}],"version-history":[{"count":27,"href":"https:\/\/digitouest.fr\/index.php?rest_route=\/wp\/v2\/pages\/101\/revisions"}],"predecessor-version":[{"id":173,"href":"https:\/\/digitouest.fr\/index.php?rest_route=\/wp\/v2\/pages\/101\/revisions\/173"}],"wp:attachment":[{"href":"https:\/\/digitouest.fr\/index.php?rest_route=%2Fwp%2Fv2%2Fmedia&parent=101"}],"curies":[{"name":"wp","href":"https:\/\/api.w.org\/{rel}","templated":true}]}}