{"id":384,"date":"2019-09-19T09:43:42","date_gmt":"2019-09-19T09:43:42","guid":{"rendered":"https:\/\/digitouest.fr\/?page_id=384"},"modified":"2019-10-15T08:42:16","modified_gmt":"2019-10-15T08:42:16","slug":"etude-dopportunites-digitales","status":"publish","type":"page","link":"https:\/\/digitouest.fr\/?page_id=384","title":{"rendered":"Etude d&#8217;opportunit\u00e9s digitales"},"content":{"rendered":"\t\t<div data-elementor-type=\"wp-page\" data-elementor-id=\"384\" class=\"elementor elementor-384\">\n\t\t\t\t\t\t<section class=\"elementor-section elementor-top-section elementor-element elementor-element-d6f5eab elementor-section-boxed elementor-section-height-default elementor-section-height-default\" data-id=\"d6f5eab\" data-element_type=\"section\" data-e-type=\"section\">\n\t\t\t\t\t\t<div class=\"elementor-container elementor-column-gap-default\">\n\t\t\t\t\t<div class=\"elementor-column elementor-col-100 elementor-top-column elementor-element elementor-element-9d25bb9\" data-id=\"9d25bb9\" data-element_type=\"column\" data-e-type=\"column\">\n\t\t\t<div class=\"elementor-widget-wrap elementor-element-populated\">\n\t\t\t\t\t\t<div class=\"elementor-element elementor-element-b095b9f elementor-widget elementor-widget-image\" data-id=\"b095b9f\" data-element_type=\"widget\" data-e-type=\"widget\" data-widget_type=\"image.default\">\n\t\t\t\t<div class=\"elementor-widget-container\">\n\t\t\t\t\t\t\t\t\t\t\t\t<figure class=\"wp-caption\">\n\t\t\t\t\t\t\t\t\t\t<img fetchpriority=\"high\" decoding=\"async\" width=\"3000\" height=\"1482\" src=\"https:\/\/digitouest.fr\/wp-content\/uploads\/2019\/10\/science-1182713.jpg\" class=\"attachment-full size-full wp-image-481\" alt=\"\" srcset=\"https:\/\/digitouest.fr\/wp-content\/uploads\/2019\/10\/science-1182713.jpg 3000w, https:\/\/digitouest.fr\/wp-content\/uploads\/2019\/10\/science-1182713-300x148.jpg 300w, https:\/\/digitouest.fr\/wp-content\/uploads\/2019\/10\/science-1182713-768x379.jpg 768w, https:\/\/digitouest.fr\/wp-content\/uploads\/2019\/10\/science-1182713-1024x506.jpg 1024w\" sizes=\"(max-width: 3000px) 100vw, 3000px\" \/>\t\t\t\t\t\t\t\t\t\t\t<figcaption class=\"widget-image-caption wp-caption-text\">Innovation, Solution cr\u00e9ative<\/figcaption>\n\t\t\t\t\t\t\t\t\t\t<\/figure>\n\t\t\t\t\t\t\t\t\t<\/div>\n\t\t\t\t<\/div>\n\t\t\t\t\t<\/div>\n\t\t<\/div>\n\t\t\t\t\t<\/div>\n\t\t<\/section>\n\t\t\t\t<section class=\"elementor-section elementor-top-section elementor-element elementor-element-cb34d88 elementor-section-boxed elementor-section-height-default elementor-section-height-default\" data-id=\"cb34d88\" data-element_type=\"section\" data-e-type=\"section\">\n\t\t\t\t\t\t<div class=\"elementor-container elementor-column-gap-default\">\n\t\t\t\t\t<div class=\"elementor-column elementor-col-100 elementor-top-column elementor-element elementor-element-3f77f82\" data-id=\"3f77f82\" data-element_type=\"column\" data-e-type=\"column\">\n\t\t\t<div class=\"elementor-widget-wrap elementor-element-populated\">\n\t\t\t\t\t\t<div class=\"elementor-element elementor-element-baa7529 elementor-widget elementor-widget-heading\" data-id=\"baa7529\" data-element_type=\"widget\" data-e-type=\"widget\" data-widget_type=\"heading.default\">\n\t\t\t\t<div class=\"elementor-widget-container\">\n\t\t\t\t\t<h2 class=\"elementor-heading-title elementor-size-default\">Etude d'opportunit\u00e9s digitales<\/h2>\t\t\t\t<\/div>\n\t\t\t\t<\/div>\n\t\t\t\t\t<\/div>\n\t\t<\/div>\n\t\t\t\t\t<\/div>\n\t\t<\/section>\n\t\t\t\t<section class=\"elementor-section elementor-top-section elementor-element elementor-element-8da7c76 elementor-section-boxed elementor-section-height-default elementor-section-height-default\" data-id=\"8da7c76\" data-element_type=\"section\" data-e-type=\"section\">\n\t\t\t\t\t\t<div class=\"elementor-container elementor-column-gap-default\">\n\t\t\t\t\t<div class=\"elementor-column elementor-col-100 elementor-top-column elementor-element elementor-element-8642bf1\" data-id=\"8642bf1\" data-element_type=\"column\" data-e-type=\"column\">\n\t\t\t<div class=\"elementor-widget-wrap elementor-element-populated\">\n\t\t\t\t\t\t<div class=\"elementor-element elementor-element-77c176f elementor-widget elementor-widget-text-editor\" data-id=\"77c176f\" data-element_type=\"widget\" data-e-type=\"widget\" data-widget_type=\"text-editor.default\">\n\t\t\t\t<div class=\"elementor-widget-container\">\n\t\t\t\t\t\t\t\t\t<p>Le &#8220;digital&#8221; terme souvent utilis\u00e9 dans le cadre de la transition num\u00e9rique. Il est tant de d\u00e9mystifier tout ce que l&#8217;on entend par transformation num\u00e9rique. Le digital doit \u00eatre consid\u00e9r\u00e9 comme une v\u00e9ritable opportunit\u00e9, il repr\u00e9sente un extraordinaire potentiel de d\u00e9veloppement.<\/p><p>Vous vous dites que le num\u00e9rique n&#8217;est pas indispensable \u00e0 votre entreprise ou que vos clients ne se trouvent pas sur la toile, voici quelques chiffres qui pourraient faire \u00e9voluer votre point de vue. Il est important de consid\u00e9rer le num\u00e9rique comme levier de performance et de croissance dans un monde ou la comp\u00e9titivit\u00e9 et l&#8217;innovation font rage.<\/p>\t\t\t\t\t\t\t\t<\/div>\n\t\t\t\t<\/div>\n\t\t\t\t\t<\/div>\n\t\t<\/div>\n\t\t\t\t\t<\/div>\n\t\t<\/section>\n\t\t\t\t<section class=\"elementor-section elementor-top-section elementor-element elementor-element-8fa97ba elementor-section-boxed elementor-section-height-default elementor-section-height-default\" data-id=\"8fa97ba\" data-element_type=\"section\" data-e-type=\"section\">\n\t\t\t\t\t\t<div class=\"elementor-container elementor-column-gap-default\">\n\t\t\t\t\t<div class=\"elementor-column elementor-col-100 elementor-top-column elementor-element elementor-element-ceef045\" data-id=\"ceef045\" data-element_type=\"column\" data-e-type=\"column\">\n\t\t\t<div class=\"elementor-widget-wrap elementor-element-populated\">\n\t\t\t\t\t\t<div class=\"elementor-element elementor-element-c72c890 elementor-widget elementor-widget-heading\" data-id=\"c72c890\" data-element_type=\"widget\" data-e-type=\"widget\" data-widget_type=\"heading.default\">\n\t\t\t\t<div class=\"elementor-widget-container\">\n\t\t\t\t\t<h4 class=\"elementor-heading-title elementor-size-default\">Les outils du num\u00e9rique<\/h4>\t\t\t\t<\/div>\n\t\t\t\t<\/div>\n\t\t\t\t\t<\/div>\n\t\t<\/div>\n\t\t\t\t\t<\/div>\n\t\t<\/section>\n\t\t\t\t<section class=\"elementor-section elementor-top-section elementor-element elementor-element-8091d82 elementor-section-boxed elementor-section-height-default elementor-section-height-default\" data-id=\"8091d82\" data-element_type=\"section\" data-e-type=\"section\">\n\t\t\t\t\t\t<div class=\"elementor-container elementor-column-gap-default\">\n\t\t\t\t\t<div class=\"elementor-column elementor-col-100 elementor-top-column elementor-element elementor-element-b0770ac\" data-id=\"b0770ac\" data-element_type=\"column\" data-e-type=\"column\">\n\t\t\t<div class=\"elementor-widget-wrap elementor-element-populated\">\n\t\t\t\t\t\t<div class=\"elementor-element elementor-element-ea8ca7b elementor-widget elementor-widget-text-editor\" data-id=\"ea8ca7b\" data-element_type=\"widget\" data-e-type=\"widget\" data-widget_type=\"text-editor.default\">\n\t\t\t\t<div class=\"elementor-widget-container\">\n\t\t\t\t\t\t\t\t\t<p>Seulement 11% des PME fran\u00e7aises\u00a0 utilisent des outils num\u00e9riques au quotidien (Source AFNIC \u00e9tude de septembre 2017 \u00e0 Aout 2018).<\/p>\t\t\t\t\t\t\t\t<\/div>\n\t\t\t\t<\/div>\n\t\t\t\t\t<\/div>\n\t\t<\/div>\n\t\t\t\t\t<\/div>\n\t\t<\/section>\n\t\t\t\t<section class=\"elementor-section elementor-top-section elementor-element elementor-element-ac7d5c3 elementor-section-boxed elementor-section-height-default elementor-section-height-default\" data-id=\"ac7d5c3\" data-element_type=\"section\" data-e-type=\"section\">\n\t\t\t\t\t\t<div class=\"elementor-container elementor-column-gap-default\">\n\t\t\t\t\t<div class=\"elementor-column elementor-col-100 elementor-top-column elementor-element elementor-element-8671cf9\" data-id=\"8671cf9\" data-element_type=\"column\" data-e-type=\"column\">\n\t\t\t<div class=\"elementor-widget-wrap elementor-element-populated\">\n\t\t\t\t\t\t<div class=\"elementor-element elementor-element-aa843b0 elementor-widget elementor-widget-heading\" data-id=\"aa843b0\" data-element_type=\"widget\" data-e-type=\"widget\" data-widget_type=\"heading.default\">\n\t\t\t\t<div class=\"elementor-widget-container\">\n\t\t\t\t\t<h4 class=\"elementor-heading-title elementor-size-default\">Une pr\u00e9sence en ligne<\/h4>\t\t\t\t<\/div>\n\t\t\t\t<\/div>\n\t\t\t\t\t<\/div>\n\t\t<\/div>\n\t\t\t\t\t<\/div>\n\t\t<\/section>\n\t\t\t\t<section class=\"elementor-section elementor-top-section elementor-element elementor-element-3932357 elementor-section-boxed elementor-section-height-default elementor-section-height-default\" data-id=\"3932357\" data-element_type=\"section\" data-e-type=\"section\">\n\t\t\t\t\t\t<div class=\"elementor-container elementor-column-gap-default\">\n\t\t\t\t\t<div class=\"elementor-column elementor-col-100 elementor-top-column elementor-element elementor-element-f29cf5c\" data-id=\"f29cf5c\" data-element_type=\"column\" data-e-type=\"column\">\n\t\t\t<div class=\"elementor-widget-wrap elementor-element-populated\">\n\t\t\t\t\t\t<div class=\"elementor-element elementor-element-ce232a0 elementor-widget elementor-widget-text-editor\" data-id=\"ce232a0\" data-element_type=\"widget\" data-e-type=\"widget\" data-widget_type=\"text-editor.default\">\n\t\t\t\t<div class=\"elementor-widget-container\">\n\t\t\t\t\t\t\t\t\t<p>94% des entreprises ont conscience qu&#8217;il est indispensable d&#8217;\u00eatre pr\u00e9sent sur internet et cela de diff\u00e9rentes fa\u00e7ons. pr\u00e9senter sa soci\u00e9t\u00e9 et son activit\u00e9, pouvoir \u00eatre g\u00e9olocalis\u00e9 facilement ou alors pour communiquer avec ses clients et prospects&#8230;<\/p>\t\t\t\t\t\t\t\t<\/div>\n\t\t\t\t<\/div>\n\t\t\t\t\t<\/div>\n\t\t<\/div>\n\t\t\t\t\t<\/div>\n\t\t<\/section>\n\t\t\t\t<section class=\"elementor-section elementor-top-section elementor-element elementor-element-039b4a7 elementor-section-boxed elementor-section-height-default elementor-section-height-default\" data-id=\"039b4a7\" data-element_type=\"section\" data-e-type=\"section\">\n\t\t\t\t\t\t<div class=\"elementor-container elementor-column-gap-default\">\n\t\t\t\t\t<div class=\"elementor-column elementor-col-100 elementor-top-column elementor-element elementor-element-d243224\" data-id=\"d243224\" data-element_type=\"column\" data-e-type=\"column\">\n\t\t\t<div class=\"elementor-widget-wrap elementor-element-populated\">\n\t\t\t\t\t\t<div class=\"elementor-element elementor-element-dd00f21 elementor-widget elementor-widget-heading\" data-id=\"dd00f21\" data-element_type=\"widget\" data-e-type=\"widget\" data-widget_type=\"heading.default\">\n\t\t\t\t<div class=\"elementor-widget-container\">\n\t\t\t\t\t<h4 class=\"elementor-heading-title elementor-size-default\">Un d\u00e9calage entre le consommateur et les entreprises<\/h4>\t\t\t\t<\/div>\n\t\t\t\t<\/div>\n\t\t\t\t\t<\/div>\n\t\t<\/div>\n\t\t\t\t\t<\/div>\n\t\t<\/section>\n\t\t\t\t<section class=\"elementor-section elementor-top-section elementor-element elementor-element-2ac57bc elementor-section-boxed elementor-section-height-default elementor-section-height-default\" data-id=\"2ac57bc\" data-element_type=\"section\" data-e-type=\"section\">\n\t\t\t\t\t\t<div class=\"elementor-container elementor-column-gap-default\">\n\t\t\t\t\t<div class=\"elementor-column elementor-col-100 elementor-top-column elementor-element elementor-element-4641b4f\" data-id=\"4641b4f\" data-element_type=\"column\" data-e-type=\"column\">\n\t\t\t<div class=\"elementor-widget-wrap elementor-element-populated\">\n\t\t\t\t\t\t<div class=\"elementor-element elementor-element-bd51eba elementor-widget elementor-widget-text-editor\" data-id=\"bd51eba\" data-element_type=\"widget\" data-e-type=\"widget\" data-widget_type=\"text-editor.default\">\n\t\t\t\t<div class=\"elementor-widget-container\">\n\t\t\t\t\t\t\t\t\t<p>92% de la population fran\u00e7aise utilise internet et seulement 55% des TPE\/PME et ETI poss\u00e8dent un point d&#8217;entr\u00e9e sur le net.\u00a0<\/p>\t\t\t\t\t\t\t\t<\/div>\n\t\t\t\t<\/div>\n\t\t\t\t\t<\/div>\n\t\t<\/div>\n\t\t\t\t\t<\/div>\n\t\t<\/section>\n\t\t\t\t<section class=\"elementor-section elementor-top-section elementor-element elementor-element-5e71cf1 elementor-section-boxed elementor-section-height-default elementor-section-height-default\" data-id=\"5e71cf1\" data-element_type=\"section\" data-e-type=\"section\">\n\t\t\t\t\t\t<div class=\"elementor-container elementor-column-gap-default\">\n\t\t\t\t\t<div class=\"elementor-column elementor-col-100 elementor-top-column elementor-element elementor-element-0088767\" data-id=\"0088767\" data-element_type=\"column\" data-e-type=\"column\">\n\t\t\t<div class=\"elementor-widget-wrap elementor-element-populated\">\n\t\t\t\t\t\t<div class=\"elementor-element elementor-element-8423fdb elementor-widget elementor-widget-heading\" data-id=\"8423fdb\" data-element_type=\"widget\" data-e-type=\"widget\" data-widget_type=\"heading.default\">\n\t\t\t\t<div class=\"elementor-widget-container\">\n\t\t\t\t\t<h4 class=\"elementor-heading-title elementor-size-default\">Comment amorcer sa transformation num\u00e9rique?<\/h4>\t\t\t\t<\/div>\n\t\t\t\t<\/div>\n\t\t\t\t\t<\/div>\n\t\t<\/div>\n\t\t\t\t\t<\/div>\n\t\t<\/section>\n\t\t\t\t<section class=\"elementor-section elementor-top-section elementor-element elementor-element-c9116ce elementor-section-boxed elementor-section-height-default elementor-section-height-default\" data-id=\"c9116ce\" data-element_type=\"section\" data-e-type=\"section\">\n\t\t\t\t\t\t<div class=\"elementor-container elementor-column-gap-default\">\n\t\t\t\t\t<div class=\"elementor-column elementor-col-100 elementor-top-column elementor-element elementor-element-3a98059\" data-id=\"3a98059\" data-element_type=\"column\" data-e-type=\"column\">\n\t\t\t<div class=\"elementor-widget-wrap elementor-element-populated\">\n\t\t\t\t\t\t<div class=\"elementor-element elementor-element-5839e35 elementor-widget elementor-widget-text-editor\" data-id=\"5839e35\" data-element_type=\"widget\" data-e-type=\"widget\" data-widget_type=\"text-editor.default\">\n\t\t\t\t<div class=\"elementor-widget-container\">\n\t\t\t\t\t\t\t\t\t<p>Le manque de comp\u00e9tences num\u00e9riques en interne, la peur de se lancer et la m\u00e9connaissance des leviers digitaux sont les principaux freins. Il est capital de les lever pour amorcer sa transformation.<\/p><p>Peu importe le niveau de maturit\u00e9 de votre entreprise, l&#8217;important est la <strong>volont\u00e9<\/strong> et la <strong>prise de conscience des enjeux<\/strong>. Une fois ceci r\u00e9alis\u00e9, l&#8217;amorce de sa transition peut commencer avec les outils qui vous conviennent.<\/p><p>Que ce soit par des outils collaboratifs, une mise en place de messagerie, un outil de CRM ou GRC (Gestion de la Relation Client), un ERP ou PGI (Progiciel de Gestion Int\u00e9gr\u00e9), un R\u00e9seau Social d&#8217;Entreprise&#8230;<\/p><p><strong>DigitOuest est \u00e0 vos cot\u00e9s pour \u00e9tudier les opportunit\u00e9s qui apporteront un gain \u00e0 votre entreprise.<\/strong><\/p>\t\t\t\t\t\t\t\t<\/div>\n\t\t\t\t<\/div>\n\t\t\t\t\t<\/div>\n\t\t<\/div>\n\t\t\t\t\t<\/div>\n\t\t<\/section>\n\t\t\t\t<section class=\"elementor-section elementor-top-section elementor-element elementor-element-bef6241 elementor-section-boxed elementor-section-height-default elementor-section-height-default\" data-id=\"bef6241\" data-element_type=\"section\" data-e-type=\"section\">\n\t\t\t\t\t\t<div class=\"elementor-container elementor-column-gap-default\">\n\t\t\t\t\t<div class=\"elementor-column elementor-col-100 elementor-top-column elementor-element elementor-element-43845a2\" data-id=\"43845a2\" data-element_type=\"column\" data-e-type=\"column\">\n\t\t\t<div class=\"elementor-widget-wrap elementor-element-populated\">\n\t\t\t\t\t\t<div class=\"elementor-element elementor-element-c501e67 elementor-button-info elementor-align-center elementor-widget elementor-widget-button\" data-id=\"c501e67\" data-element_type=\"widget\" data-e-type=\"widget\" data-widget_type=\"button.default\">\n\t\t\t\t<div class=\"elementor-widget-container\">\n\t\t\t\t\t\t\t\t\t<div class=\"elementor-button-wrapper\">\n\t\t\t\t\t<a class=\"elementor-button elementor-button-link elementor-size-sm\" href=\"https:\/\/digitouest.fr\/?page_id=257(ouvre%20un%20nouvel%20onglet)\">\n\t\t\t\t\t\t<span class=\"elementor-button-content-wrapper\">\n\t\t\t\t\t\t\t\t\t<span class=\"elementor-button-text\">Contactez-nous<\/span>\n\t\t\t\t\t<\/span>\n\t\t\t\t\t<\/a>\n\t\t\t\t<\/div>\n\t\t\t\t\t\t\t\t<\/div>\n\t\t\t\t<\/div>\n\t\t\t\t\t<\/div>\n\t\t<\/div>\n\t\t\t\t\t<\/div>\n\t\t<\/section>\n\t\t\t\t<\/div>\n\t\t","protected":false},"excerpt":{"rendered":"<p>Innovation, Solution cr\u00e9ative Etude d&#8217;opportunit\u00e9s digitales Le &#8220;digital&#8221; terme souvent utilis\u00e9 dans le cadre de la transition num\u00e9rique. Il est tant de d\u00e9mystifier tout ce que l&#8217;on entend par transformation num\u00e9rique. Le digital doit \u00eatre consid\u00e9r\u00e9 comme une v\u00e9ritable opportunit\u00e9, il repr\u00e9sente un extraordinaire potentiel de d\u00e9veloppement. Vous vous dites que le num\u00e9rique n&#8217;est pas [&hellip;]<\/p>\n","protected":false},"author":1,"featured_media":0,"parent":0,"menu_order":0,"comment_status":"closed","ping_status":"closed","template":"","meta":{"ngg_post_thumbnail":0,"footnotes":""},"class_list":["post-384","page","type-page","status-publish","hentry"],"_links":{"self":[{"href":"https:\/\/digitouest.fr\/index.php?rest_route=\/wp\/v2\/pages\/384","targetHints":{"allow":["GET"]}}],"collection":[{"href":"https:\/\/digitouest.fr\/index.php?rest_route=\/wp\/v2\/pages"}],"about":[{"href":"https:\/\/digitouest.fr\/index.php?rest_route=\/wp\/v2\/types\/page"}],"author":[{"embeddable":true,"href":"https:\/\/digitouest.fr\/index.php?rest_route=\/wp\/v2\/users\/1"}],"replies":[{"embeddable":true,"href":"https:\/\/digitouest.fr\/index.php?rest_route=%2Fwp%2Fv2%2Fcomments&post=384"}],"version-history":[{"count":8,"href":"https:\/\/digitouest.fr\/index.php?rest_route=\/wp\/v2\/pages\/384\/revisions"}],"predecessor-version":[{"id":515,"href":"https:\/\/digitouest.fr\/index.php?rest_route=\/wp\/v2\/pages\/384\/revisions\/515"}],"wp:attachment":[{"href":"https:\/\/digitouest.fr\/index.php?rest_route=%2Fwp%2Fv2%2Fmedia&parent=384"}],"curies":[{"name":"wp","href":"https:\/\/api.w.org\/{rel}","templated":true}]}}